+ 4. Calculate b(6).
-2
Let m(j) = -4*j + 60. Determine m(18).
-12
Let g(r) = 67*r**3 - 4*r - 3. Determine g(-1).
-66
Let v(l) = -l**2 + 10*l + 9. What is v(11)?
-2
Let i(o) = -11*o**3 + 6*o**2 + 2*o - 2. What is i(2)?
-62
Let l(n) = -5*n**2 + 3*n - 4. Calculate l(1).
-6
Let o(q) = q**3 - 13*q**2 - 7*q + 38. What is o(13)?
-53
Let a(j) = -5*j**2 + 10*j + 26. Give a(-2).
-14
Let a(i) = i**2 - 6*i + 5. What is a(6)?
5
Let w(p) = -3*p**2 - 3. Give w(3).
-30
Let y(l) = -l**2 - 10*l - 12. Calculate y(-6).
12
Let y(x) = -11*x**2 + 10*x - 2. Determine y(1).
-3
Let j(f) = -f + 3. Calculate j(2).
1
Let m(g) = -g**3 - 9*g**2 - 16*g - 2. Give m(-4).
-18
Let y(l) = 2*l - 14. Calculate y(11).
8
Let c(p) = p**2 + 2*p. Determine c(1).
3
Let s(c) = -c + 30. What is s(-12)?
42
Let f(j) = j**3 + 2*j**2 - j + 3. Determine f(-3).
-3
Let f(z) = -3*z - 10. Give f(-3).
-1
Let f(g) = -6*g**3 + 3*g**2 - 12*g + 12. What is f(1)?
-3
Let a(g) = 3*g**2 + 4*g - 40. Calculate a(-5).
15
Let m(b) = 8*b**3 + b - 2. What is m(1)?
7
Let r(b) = 36*b + 252. Calculate r(-6).
36
Let f(v) = v**2 + 2*v - 7. Calculate f(-3).
-4
Let y(k) = k + 12. Determine y(-8).
4
Let a(x) = -8*x + 13. What is a(10)?
-67
Let z(q) = q**3 + 53*q**2 + 104*q + 139. Give z(-51).
37
Let t(p) = 2*p - 1. What is t(0)?
-1
Let y(q) = -11*q + 87. Calculate y(8).
-1
Let y(x) = -15*x + 101. Determine y(9).
-34
Let h(l) = -l**3 + 3*l**2 + l + 11. Give h(5).
-34
Let p(j) = j**2 + 4*j - 10. Determine p(-5).
-5
Let v(z) = -z**2 + 3*z - 3. What is v(3)?
-3
Let g(v) = v**2 + 3*v - 9. What is g(4)?
19
Let h(j) = j**3 + 13*j**2 + 15*j - 8. Determine h(-2).
6
Let s(x) = -x**2 - 5*x + 5. Calculate s(2).
-9
Let a(r) = -4*r - 3. Give a(2).
-11
Let t(f) = 8*f + 12. What is t(-12)?
-84
Let i(c) = c + 19. Give i(-14).
5
Let v(k) = -6*k**2 + k - 2. Give v(2).
-24
Let v(f) = 2*f - 14. What is v(9)?
4
Let y(d) = 2*d**2 + 11*d - 9. Calculate y(-6).
-3
Let a(k) = -2*k**2 - 19*k - 35. Give a(-6).
7
Let m(y) = -y - 19. Determine m(-11).
-8
Let k(r) = -2*r - 2. Give k(-2).
2
Let h(d) = -4*d + 45. What is h(16)?
-19
Let s(d) = 123*d - 486. Calculate s(4).
6
Let f(a) = -a + 22. What is f(11)?
11
Let r(u) = -2*u**3 + 14*u**2 - 3*u + 7. Give r(7).
-14
Let g(p) = -p**2 - 17*p - 61. Give g(-6).
5
Let c(f) = f**3 + 7*f**2 + 8*f + 2. Determine c(-7).
-54
Let o(w) = -w**2 + 5. Determine o(7).
-44
Let q(m) = -2*m - 36. Give q(16).
-68
Let r(l) = l**3 - 44*l**2 + 42*l + 83. Determine r(43).
40
Let m(w) = 6*w**3 - 2*w**2 + 1. Calculate m(1).
5
Let k(f) = f**3 - 6*f**2 + 2*f - 6. Calculate k(5).
-21
Let v(q) = -q**3 - 10*q**2 - 26*q - 10. Calculate v(-3).
5
Let z(q) = -q**2 + 22*q + 25. Give z(23).
2
Let y(g) = 2*g**3 - 4*g**2 + 6*g - 5. Give y(4).
83
Let f(p) = p - 13. Give f(9).
-4
Let p(t) = -2*t + 30. Give p(20).
-10
Let z(o) = o - 11. What is z(6)?
-5
Let d(s) = -3*s + 1. Calculate d(3).
-8
Let j(x) = -x**2 + 6*x + 19. Determine j(16).
-141
Let v(g) = -3*g**2 - 11*g + 24. Give v(2).
-10
Let d(l) = 43*l - 481. Give d(11).
-8
Let q(w) = -4*w + 18. What is q(0)?
18
Let o(n) = 17*n - 973. What is o(57)?
-4
Let u(r) = -3*r**2 + r. Determine u(-1).
-4
Let r(f) = 17*f**2 - f. Give r(-2).
70
Let y(t) = -2*t**3 - 3*t**2 - 4. Determine y(-4).
76
Let a(b) = 37*b - 3. Give a(1).
34
Let p(n) = -6*n + 7. Give p(-6).
43
Let h(b) = -b**3 + 8*b**2 + b - 12. What is h(9)?
-84
Let u(x) = -x**3 - 6*x**2 - 7*x + 4. What is u(-4)?
0
Let w(f) = 10*f - 146. Calculate w(15).
4
Let n(q) = 5*q + 6. Calculate n(-6).
-24
Let l(x) = 2*x**2 - 7*x + 5. Determine l(4).
9
Let i(b) = 23*b - 44. Give i(2).
2
Let h(v) = v**2 - 9*v - 8. Determine h(9).
-8
Let g(t) = -17*t**2 - 3*t - 2. Determine g(-1).
-16
Let d(m) = 3*m**3 - 2*m**2 - 2*m. Calculate d(-1).
-3
Let y(u) = u**3 - 11*u**2 - 2*u + 16. Determine y(11).
-6
Let d(c) = 68*c**3 + c. Give d(-1).
-69
Let u(j) = j**2 - 3*j + 4. Give u(5).
14
Let q(x) = -x**3 - 9*x**2 - 19*x - 7. What is q(-6)?
-1
Let j(b) = -b**3 - 11*b**2 + 14*b + 30. Determine j(-12).
6
Let o(h) = -h**3 + 10*h**2 + 9*h + 20. Calculate o(11).
-2
Let v(c) = -2*c**2 - 7*c - 3. Determine v(-3).
0
Let u(o) = -o**2 + 1. What is u(4)?
-15
Let h(s) = -5*s**3 - s**2 - 2*s + 4. Determine h(1).
-4
Let d(m) = -24*m + 19. Calculate d(2).
-29
Let f(b) = -b**3 - 15*b**2 - 17*b + 121. Determine f(-13).
4
Let h(y) = y**2 + 12*y + 1. What is h(-8)?
-31
Let l(k) = -k**3 - 10*k**2 - 13*k - 17. Calculate l(-9).
19
Let n(c) = -c**3 + 9*c**2 + c. Give n(2).
30
Let h(n) = -n**3 + 8*n**2 + 8*n + 19. Determine h(9).
10
Let z(h) = -5*h - 2. Give z(6).
-32
Let m(k) = k**2 - 9*k + 2. What is m(9)?
2
Let y(t) = -t**3 + 11*t**2 - 13*t + 13. Calculate y(11).
-130
Let p(z) = 5*z + 9. Calculate p(-12).
-51
Let o(i) = 3*i**2 + 6*i - 4. Give o(-3).
5
Let t(q) = q**2 - 3*q + 8. Give t(7).
36
Let t(k) = 3*k - 17. Give t(6).
1
Let j(k) = -5*k**2 - 12*k + 29. What is j(2)?
-15
Let c(x) = -17*x + 5. What is c(-3)?
56
Let f(r) = -68*r + 254. Calculate f(4).
-18
Let i(p) = p**2 - 124. What is i(0)?
-124
Let z(j) = -j**3 + j**2 - 7*j + 38. Give z(3).
-1
Let x(f) = -39*f - 169. Give x(-4).
-13
Let w(l) = 2*l - 6. Determine w(2).
-2
Let x(g) = -g**3 + 42*g**2 - 39*g - 78. Give x(41).
4
Let b(z) = 2*z**2 + 2*z - 17. What is b(-5)?
23
Let c(a) = -a**3 + 3*a**2 - 7. Calculate c(2).
-3
Let c(v) = -v - 22. Give c(0).
-22
Let b(k) = -k**3 + 10*k**2 - 3*k - 12. What is b(9)?
42
Let c(x) = -x**2 - 2*x + 22. Determine c(4).
-2
Let p(i) = i**2 - 7*i + 56. Give p(6).
50
Let c(p) = -11*p**2 - 2*p - 2. What is c(0)?
-2
Let j(a) = -6*a**2 - 186*a + 4. Determine j(-31).
4
Let j(w) = -w - 10. Determine j(-7).
-3
Let n(k) = k**3 + 44*k**2 + 45*k + 85. What is n(-43)?
-1
Let i(w) = w - 19. Give i(12).
-7
Let q(b) = b**3 - 7*b**2 + 4*b - 7. What is q(6)?
-19
Let j(x) = x + 21. Determine j(-20).
1
Let j(y) = -2*y - 16. Determine j(-11).
6
Let k(v) = -28*v + 12. What is k(-1)?
40
Let q(f) = 2*f**3 - f**2 + 1. Give q(1).
2
Let c(v) = 4*v + 40. What is c(-12)?
-8
Let x(c) = 4*c**2 - 12*c + 32. Give x(7).
144
Let p(n) = n**2 + 4*n - 12. Give p(-6).
0
Let i(d) = d**2 + 24*d + 138. What is i(-14)?
-2
Let n(x) = -2*x**2 - 2*x - 1. Calculate n(4).
-41
Let r(l) = -13*l - 15. Give r(-6).
63
Let w(m) = 22*m + 16. Give w(-2).
-28
Let j(g) = -g**3 + 7*g**2 + 2*g - 13. Calculate j(7).
1
Let z(v) = 2*v - 13. What is z(4)?
-5
Let s(d) = -62*d**3 + 4*d**2 - 2*d. Give s(1).
-60
Let z(j) = 3*j + 20. What is z(-10)?
-10
Let g(a) = -a**2 + 19*a + 10. What is g(18)?
28
Let v(z) = -z**3 + 3*z**2 + 6*z - 6. What is v(3)?
12
Let u(v) = -2*v**2 - 19*v - 23. What is u(-8)?
1
Let f(c) = 4*c + 46. Calculate f(-7).
18
Let w(c) = -c**3 - 14*c**2 - 13*c + 1. Give w(-13).
1
Let k(a) = -a**3 - 4*a**2 + 21*a + 69. Give k(-6).
15
Let c(l) = l**2 + 14*l + 7. Give c(-18).
79
Let j(m) = m**2 + 7*m - 8. Calculate j(-8).
0
Let j(c) = -c**3 - 8*c**2 - 3*c + 21. What is j(-7)?
-7
Let x(o) = o + 15. What is x(-9)?
6
Let d(a) = a**3 - 3*a**2 - 6*a - 5. What is d(5)?
15
Let i(z) = -13*z**2 - 5*z + 2. Give i(-1).
-6
Let z(v) = 20*v - 74. Give z(4).
6
Let i(m) = 2*m**2 - 10*m + 7. What is i(7)?
35
Let v(j) = j + 5. Calculate v(-5).
0
Let u(t) = -6*t**2 - 7*t - 2. Determine u(-2).
-12
Let n(r) = r**2 + 25*r + 145. Determine n(-17).
9
Let z(p) = -3*p**2 - 31*p + 4. Calculate z(-10).
14
Let f(o) = -o**3 - 7*o**2 + 8*o + 10. Calculate f(-8).
10
Let h(i) = -2*i**2 - 4*i + 34. Give h(-6).
-14
Let x(s) = -3*s - 51. What is x(-7)?
-30
Let i(d) = -72*d - 444. Determine i(-6).
-12
Let l(y) = -4*y**2 + 5*y - 11. Give l(4).
-55
Let z(r) = -3*r**3 - 6*r**2 - 3*r + 1. Determine z(-2).
7
Let z(t) = -t**2 + 16*t + 14. Give z(10).
74
Let d(y) = 2*y**2 - 7*y + 21. Calculate d(4).
25
Let s(r) = 6*r + 2. What is s(-5)?
-28
Let j(m) = m**2 - 4*m. Calculate j(2).
-4
Let s(o) = o**2 + 10*o - 37. Calculate s(4).
19
Let a(w) = -w**2 + 19*w + 38. Determine a(21).
-4
Let t(c) = c**2 - 5*c - 1. Calculate t(6).
5
Let s(n) = 3*n - 2. What is s(3)?
7
Let o(t) = -t**3 - 15*t**2 + t + 49. What is o(-15)?
34
Let i(u) = 4*u**2 - 3*u. What is i(-1)?
7
Let z(d) = -16*d**2 + 2*d. Give z(1).
-14
Let h(b) = -3*b**2 + 4*b - 10. What is h(4)?
-42
Let r(m) = 14*m - 2. Calculate r(1).
12
Let k(w) = w**2 + 2*w + 15. Determine k(0).
15
Let v(x) = x**2 - 7*x + 3. Calculate v(7).
3
Let r(l) = 4*l - 41. What is r(